) + 4 + 0?
1
Calculate 5 + (2 - ((-3 - -6) + -1)).
5
What is the value of (15 - 20) + 0 + 2 + -2?
-5
What is the value of (-1 - -1) + 4 + 0?
4
Calculate 1 - 4 - (-13 + 2).
8
Evaluate 0 - 1 - (1 + -1 + -1).
0
What is the value of -2 - (-4 - (0 + (2 - 3)))?
1
Calculate 1 - (-2 - (4 + -2)).
5
What is the value of -3 - (-3 + (4 - (2 - -1)))?
-1
What is 0 + (5 - (2 - 1))?
4
What is the value of -4 - (-4 - -4) - (-6 - 5)?
7
Calculate -2 - -1 - (1 - (0 + -1)).
-3
What is (-1 - -2) + 8 + -6?
3
Evaluate -5 + 2 + 0 - -6.
3
(5 + -2 - 10) + 8
1
Evaluate -18 + 20 - (0 - -4 - 1).
-1
-11 + 6 + 8 + -2 + 0
1
Calculate (11 - (5 - -1)) + -1.
4
What is -3 + (2 - (1 - (-3 - -3)))?
-2
What is the value of 2 + (0 - (-2 + 8))?
-4
9 + -11 + (1 + 3 - 0)
2
What is the value of -88 - -86 - (-4 + 0)?
2
Calculate 4 + -3 - (2 + 1 - 3).
1
What is -4 - (-6 + (5 - -1))?
-4
Calculate (-2 - -1 - 0) + 6 - 3.
2
What is 2 - (-5 + 6 + -2) - 6?
-3
Calculate -4 + (-4 - (-9 - -4)).
-3
-3 + 3 + (6 - 4 - -3)
5
Evaluate 1 + -2 - (0 + 0 - -2).
-3
5 - 3 - (-4 + 3)
3
Calculate -1 + -18 + 14 + (0 - 2).
-7
Calculate -20 + 13 + 15 + (0 - 0).
8
3 + -9 + 0 + 6
0
Calculate -10 - (-2 - 11) - 12.
-9
What is (0 - -9) + -1 - (-162 + 175)?
-5
Calculate (-9 - -7) + 1 - -2.
1
What is -3 - -2 - -12 - 0?
11
(-1 - -5) + (12 - 8 - 9)
-1
What is 1 + 2 + -5 + 1?
-1
Evaluate 2 - (10 + -1 + (-14 - -11)).
-4
What is -6 - (-2 - -6) - -9?
-1
Calculate -7 + 0 - (1 - 3).
-5
Calculate -3 - (-5 + (8 - 4)).
-2
(1 - (10 + -4)) + 8
3
-2 - (-1 + -3) - (1 + -2)
3
Evaluate -7 + 99 + -94 + (1 - 7).
-8
3 - (0 + 0 - 1)
4
3 - ((-3 - -7) + -3 + 3)
-1
Evaluate 1 + -3 + -14 + (-10 - -23).
-3
What is 4 + (-2 - 4) - 0?
-2
Calculate -12 + 8 + -3 + 6.
-1
What is 4 + (7 - 12) + 7 - -3?
9
What is -9 + (-4 - 3 - -13)?
-3
-7 - -2 - -8 - (2 - 1)
2
Evaluate -7 + (5 - (1 + -1 + 2)).
-4
Calculate 5 + (-4 - -3) - 2.
2
-5 - (3 - (-2 - -11))
1
-10 + (-11 - -15) + -2 + 4
-4
(-26 - -18) + (1 - 2) - -7
-2
Calculate (3 - 6 - 0) + 1.
-2
What is 5 - (4 - -11) - -9?
-1
0 + -9 + 2 + 8
1
Evaluate -6 + -1 + (3 + -3 - -13).
6
What is the value of -11 - (-17 + -5) - (5 + 1)?
5
What is -2 + 6 + -1 + -14 + 13?
2
Evaluate -6 + 9 + -5 + 0.
-2
What is the value of 2 + (3 - (-8 - (4 + -9)))?
8
Evaluate -5 + 0 - (2 - 9) - -2.
4
Calculate 3 - (-8 - -5) - (1 - -5).
0
Calculate (-6 - (4 - 7)) + 9.
6
What is the value of 3 + (2 - (4 - 1))?
2
What is the value of -6 + 11 + -6 + -4?
-5
Calculate -10 - (-4 - (0 - 1)).
-7
What is the value of 1 - (10 + 3 + -8)?
-4
Evaluate -1 + 3 + 17 + -22.
-3
What is the value of (-16 - (13 + -22)) + (-1 - -9)?
1
Calculate -10 + -6 + (18 - 5) + 12.
9
What is 6 + -4 + (2 - 0) + -1?
3
What is (3 + -3 - 1 - 6) + 3?
-4
(-1 - 5) + (6 - 1)
-1
What is the value of -10 - -2 - (-13 + 15)?
-10
Evaluate 1 + -4 + (7 - 11) + 2.
-5
Calculate 1 + 0 + -30 + 24 - 0.
-5
What is the value of -1 + 3 - (95 + -84)?
-9
What is the value of (-1 - -1) + -5 - -5?
0
Evaluate -1 - -3 - 4 - 1.
-3
-3 - (-7 + -12 - -9)
7
(12 - 12) + (-1 - 2)
-3
Evaluate 1 + 4 + (-18 - -13).
0
What is (-1 - (-5 + -3)) + -5?
2
Evaluate 0 - 3 - (10 + -5 - 0).
-8
Evaluate 6 - (3 - (-6 - 1)).
-4
Calculate 1 + 5 + -2 + (-3 - -1).
2
(2 - -1) + (56 - 62)
-3
What is (1 - 1) + -9 + 6 + -1?
-4
Evaluate (7 - (-9 + 18)) + -5.
-7
What is -11 - (8 + (-10 - 6))?
-3
Evaluate -7 + -3 + (4 - 1) + 5.
-2
What is -8 - (-26 - -6 - -10)?
2
Evaluate -1 + -14 + 9 + 3.
-3
What is -4 - (-8 - -4) - 6?
-6
What is the value of (15 - 14) + (0 - 6 - 0)?
-5
Calculate -10 + 7 - (0 - 3).
0
Calculate (1 - 11) + (-9 - -20) + -6.
-5
What is 1 + -4 + (1 - -10) + -4?
4
Evaluate 6 + -3 - (1 + 0) - -2.
4
Calculate -17 - (-13 + 15 + -10).
-9
Evaluate 1 + 3 - -2 - 4.
2
What is the value of -4 - (-1 - (5 + 0))?
2
What is 35 + -41 + (-1 + 0 - -3)?
-4
What is -1 - (1 + 1 + -5 + 4)?
-2
Evaluate 3 + -2 + (-3 - -5) + -1.
2
What is the value of -6 - (-7 - -6 - (1 - 3))?
-7
(2 - -1 - -2) + (-27 - -26)
4
-1 + (5 - (-3 + 3) - 7)
-3
What is the value of 2 - (-3 + 5) - -4?
4
-30 + 22 + 11 + (4 - 2)
5
-45 + 51 - (2 + -1 + -2)
7
Evaluate -9 + 3 + -8 + 22.
8
Evaluate (-27 - (-7 - 2)) + 7.
-11
What is 8 + -15 - -8 - -2?
3
Calculate -3 - 2 - (-9 - -7).
-3
What is -5 + 11 + (-4 - -2)?
4
Evaluate 6 - 10 - (-3 - -2).
-3
What is -110 + 107 + (-1 - (0 - -1))?
-5
Evaluate 1 + (-8 - (3 + -17)).
7
What is the value of 0 + -2 + -1 + 8?
5
-90 + 94 + (4 - 2 - 0)
6
Evaluate -4 + (-6 - -8) - (1 + -1).
-2
(-1 - 0) + (-6 - -7)
0
What is the value of -10 - 4 - -6 - -9?
1
What is the value of (3 - 9) + 1 + 10 + -6?
-1
Evaluate -2 - (2 + 3) - -6.
-1
What is the value of -8 + (8 - 4) - -3?
-1
What is -2 - ((5 - 2) + 2)?
-7
Calculate (-3 + -9 - -5) + 12.
5
Calculate -4 + 9 - (6 + 4).
-5
Calculate -4 + 4 + -5 + 3.
-2
What is -1 + 3 + 0 + (5 - 2)?
5
Calculate 9 + -9 + (-2 + 5 - 0).
3
Evaluate -11 + (11 - 9 - -11).
2
Calculate -6 - (4 - (-5 + 14)).
-1
What is -9 + 3 - (-41 - -43)?
-8
What is -2 + -3 + 11 + -12?
-6
0 + -6 - -8 - -3
5
Evaluate 2 - (-4 - (-14 + 7)).
-1
Calculate -6 + 2 + 7 + -5.
-2
What is the value of -6 + 7 + -2 - (6 + -1)?
-6
What is the value of 0 + (1 - (-1 - 1)) + -5?
-2
What is the value of -7 - -2 - (-3 + 1)?
-3
Calculate (2 - 1) + (-4 - -3).
0
What is (0 - (-9 + -4)) + -12?
1
What is (5 - (4 + -1)) + 3?
5
Evaluate 3 - (6 + (8 - 5)).
-6
Evaluate -5 - (-15 + (0 - -5)).
5
What is -7 - (4 - (0 - -10))?
-1
What is the value of (3 - 1) + (-7 + 4 - -2)?
1
What is the value of -5 - -12 - 4 - 1?
2
Evaluate (0 - -6) + -63 + 61.
4
Evaluate -1 - -4 - (-1 - 3).
7
Calculate 5 + (-6 + -1 - (0 + -2)).
0
0 + (-1 - (5 - 3)) + 2
-1
What is -4 + -4 + 7 + -2?
-3
6 + (-6 - 18 - -10)
-8
What is (7 - 7) + -3 + 9?
6
Evaluate -5 - (4 + -1 - (0 + 5)).
-3
What is 6 - 6 - (1 + 0 + 3)?
-4
What is the value of -3 - -12 - (2 + 2 + -1)?
6
Calculate 1 + 0 + (2 - 2) - 4.
-3
What is (3 - (-3 + 5 + -6)) + -13?
-6
(9 - (34 - 21)) + 1 + 0
-3
Evaluate (3 - (-7 - -14 - 7)) + 5.
8
-9 + 29 + -7 + -8
5
Calculate 9 - (-3 + 9) - 7.
-4
Evaluate -3 - ((10 - 2) + -19).
8
-6 + 0 + -1 + 8
1
Evaluate -4 + 2 + (3 - 3 - -3).
1
What is 2 - (3 - (3 + -1))?
1
What is 0 + (2 + -11 - -6)?
-3
7 - (1 + 1 + 0)
5
-2 + (2 + (0 - 1) - -4)
3
3 - -2 - (-13 - -14)
4
Evaluate -13 - -13 - (-1 + -3 - -4).
0
-5 + 7 + -2 - 0
0
13 + -9 + -5 + 0
-1
8 - (1 - -5) - 8
-6
Evaluate (-3 - (-4 - 1)) + (12 - 9).
5
What is the value of -2 + 6 + 1 + -6?
-1
-3 + (3 - (-1 + 6))
-5
What is the value of 6 + (-6 - -11) + -5?
6
What is the value of -2 + (4 - 1 - -2)?
3
What is 27 + -30 - (1 + 1)?
-5
Calculate 5 + (-3 - -2) + -8.
-4
-1 + (2 - 2) + 6 - 2
3
3 - (4 + -4 + 6 + -2)
-1
Calculate 6 + (4 - 0) + -15.
-5
What is (-8 - -2) + (-7 - (3 - 10))?
-6
6 + 9 + -6 + -3
6
-5 - ((2 - 5 - -3) + -2)
-3
25 + -27 - ((-6 - 1) + 0)
5
Evaluate -2 + 3 + 2 + (-5 - -4).
2
What is 2 + (-6 + 4 - 4)?
-4
9 - (7 - 5) - (-6 + 12)
1
Evaluate -10 - (-3 - (5 + -1)).
-3
Evaluate 33 - (-8 + 32) - (5 + -1).
5
-5 + 1 - (5 + -6)
-3
What is -1 - (-3 + 1 + 3)?
-2
What is the value of -48 + 55 - (1 - -5)?
1
Calculate 2 + (6 - 7) + -6.
-5
Calculate (7 + -6 - -8) + -7 - 4.
-2
What is 1 - (-1 + 0) - 2?
0
(2 - 0) + (-10 - -6)
-2
Evaluate 5 + 3 + -7 + 6.
7
-1 + 5 + -3 + -4
-3
Evaluate -4 + 3 - (2 + -3).
0
What is 4 + (4 - (1 - (-1 - 3)))?
3
What is 1 - -1 - (-5 + 3)?
4
Calculate (-4 + 11 - 6) + (4 - 6).
-1
-1 - (-5 - ((3 - 4) + 0))
3
(2 - -1) + 4 + (-14 - -2)
-5
What is 25 - 22 - (0 - -3)?
0
Calculate 0 + 5 + (-24 - -21).
2
What is 7 + -2 + 11 + -6?
10
Evaluate -9 - (8 + (-1 - 6 - 2)).
-8
What is 4 - -1 - 2 - 1 - 7?
-5
What is the value of 4 + 0 - 0 - (-2 - 1)?
7
Calculate 18 + -10 + 7 + 1 + -6.
10
0 - 0 - (6 + -4) - -2
0
Calculate 7 + -3 + 2 + -6.
0
Calculate (-13 - -7 - -8) + -8.
-6
(3 - 4 - (2 - 6)) + -6
-3
-1 - (13 - (12 + -5))
-7
What is the value of (-22 - -12 - -15) + 2?
7
Evaluate (1 - -2) + -3 - -2.
2
Calculate 0 - (-5 - -2 - -4) - -3.
2
What is the value of (37 - 37) + 0 + 6?
6
What is (4 - 2) + -8 - -4?
-2
Calculate 0 + (-4 - -18) + -6.
8
What is the value of -3 + 0 + (109 - 102)?
4
Calculate 1 + 4 - (-4 - -1 - -5).
3
Evaluate -1 + -4 + 1 + -3 + 10.
3
Evaluate (-1 - 3) + 3 - (4 - 7).
2
5 - (4 - 0) - 6
-5
(-6 - -4) + 6 - 11
-7
-7 + 12 + (2 - (-1 + 5))
3
Calculate (-8 - -1 - -3) + -1.
-5
What is 3 - (8 + (1 - 5))?
-1
What is (-9 - -4) + 3 - -6?
4
Calculate 5